ulate the remainder when 732867 is divided by 10.
7
Calculate the remainder when 4996469 is divided by 30.
29
What is the remainder when 90092 is divided by 5938?
1022
What is the remainder when 1354327 is divided by 5643?
7
Calculate the remainder when 10699524 is divided by 1783252.
12
Calculate the remainder when 7333 is divided by 6685.
648
Calculate the remainder when 208381 is divided by 686.
523
Calculate the remainder when 290516 is divided by 72148.
1924
What is the remainder when 788131 is divided by 112583?
50
What is the remainder when 222935758 is divided by 4176?
4174
Calculate the remainder when 109201 is divided by 2513.
1142
Calculate the remainder when 147147252 is divided by 7745.
7742
Calculate the remainder when 7010231 is divided by 53513.
28
Calculate the remainder when 36696313 is divided by 352849.
17
Calculate the remainder when 7227353 is divided by 133839.
47
What is the remainder when 974065 is divided by 12638?
939
What is the remainder when 154473 is divided by 9651?
57
What is the remainder when 20761103 is divided by 1456?
1455
Calculate the remainder when 292596 is divided by 465.
111
What is the remainder when 12193 is divided by 288?
97
Calculate the remainder when 1276799 is divided by 1520.
1519
What is the remainder when 775032 is divided by 225?
132
What is the remainder when 518754 is divided by 34567?
249
Calculate the remainder when 11856 is divided by 1888.
528
What is the remainder when 1362983 is divided by 32442?
419
What is the remainder when 349705 is divided by 174776?
153
Calculate the remainder when 61656 is divided by 6676.
1572
What is the remainder when 11747363 is divided by 115?
113
What is the remainder when 93831 is divided by 18655?
556
Calculate the remainder when 18694090 is divided by 239.
227
What is the remainder when 8826534 is divided by 7147?
7136
What is the remainder when 3316269 is divided by 157906?
243
What is the remainder when 3038282 is divided by 1266?
1148
Calculate the remainder when 760798 is divided by 27160.
318
What is the remainder when 8126 is divided by 3802?
522
What is the remainder when 67064337 is divided by 23?
17
Calculate the remainder when 2416550 is divided by 126.
122
Calculate the remainder when 46066 is divided by 9343.
8694
Calculate the remainder when 1637696 is divided by 124.
28
Calculate the remainder when 114398 is divided by 57082.
234
Calculate the remainder when 190575 is divided by 118.
5
Calculate the remainder when 300464 is divided by 158.
106
Calculate the remainder when 4472932 is divided by 344070.
22
Calculate the remainder when 216541 is divided by 136.
29
Calculate the remainder when 475189345 is divided by 4066.
4057
What is the remainder when 18154878 is divided by 640?
638
What is the remainder when 98644 is divided by 16415?
154
What is the remainder when 239523 is divided by 1470?
1383
Calculate the remainder when 7512309 is divided by 26.
25
Calculate the remainder when 608606992 is divided by 19.
18
What is the remainder when 1783067 is divided by 772?
519
What is the remainder when 648332 is divided by 1?
0
What is the remainder when 2393581 is divided by 1737?
1732
Calculate the remainder when 97349 is divided by 48463.
423
What is the remainder when 1921844 is divided by 14?
8
What is the remainder when 225655 is divided by 53729?
10739
What is the remainder when 1774121 is divided by 394?
333
What is the remainder when 176211382 is divided by 58737116?
34
What is the remainder when 1007504 is divided by 21?
8
Calculate the remainder when 1224438 is divided by 17.
13
Calculate the remainder when 281115 is divided by 413.
275
What is the remainder when 176561 is divided by 29?
9
Calculate the remainder when 339661 is divided by 113130.
271
What is the remainder when 551781 is divided by 3492?
45
Calculate the remainder when 70244 is divided by 1305.
1079
Calculate the remainder when 54205 is divided by 10810.
155
Calculate the remainder when 323317 is divided by 243.
127
What is the remainder when 155073743 is divided by 304?
303
What is the remainder when 1977559 is divided by 659168?
55
What is the remainder when 959572 is divided by 239888?
20
Calculate the remainder when 1396671 is divided by 47.
19
Calculate the remainder when 8053833 is divided by 697.
695
What is the remainder when 3670104 is divided by 652?
648
What is the remainder when 3739388 is divided by 4500?
4388
What is the remainder when 93422780 is divided by 2443?
17
What is the remainder when 3708332 is divided by 112?
12
Calculate the remainder when 1745820 is divided by 349161.
15
What is the remainder when 4122966 is divided by 28?
22
Calculate the remainder when 15339386 is divided by 7.
6
Calculate the remainder when 5387039 is divided by 2693517.
5
Calculate the remainder when 4926335 is divided by 64.
63
Calculate the remainder when 21576384 is divided by 111.
93
What is the remainder when 17531813 is divided by 398447?
145
Calculate the remainder when 143526318 is divided by 3609.
3606
Calculate the remainder when 812953 is divided by 201144.
8377
Calculate the remainder when 86154 is divided by 130.
94
Calculate the remainder when 40101 is divided by 4003.
71
What is the remainder when 704637 is divided by 1468?
1465
Calculate the remainder when 241445 is divided by 119743.
1959
What is the remainder when 17545511 is divided by 18163?
53
Calculate the remainder when 7427685 is divided by 1571.
1568
What is the remainder when 59770 is divided by 2325?
1645
What is the remainder when 30974608 is divided by 1238983?
33
What is the remainder when 17618 is divided by 5896?
5826
What is the remainder when 26354098 is divided by 145?
58
What is the remainder when 6542412 is divided by 17?
13
Calculate the remainder when 259276 is divided by 4345.
2921
What is the remainder when 2164554 is divided by 8728?
10
Calculate the remainder when 973505 is divided by 11483.
8933
What is the remainder when 320293 is divided by 319927?
366
What is the remainder when 98673078 is divided by 2299?
2297
What is the remainder when 2315049 is divided by 385813?
171
What is the remainder when 73364730 is divided by 1791?
1788
What is the remainder when 1588874 is divided by 396286?
3730
Calculate the remainder when 964676 is divided by 56745.
11
What is the remainder when 32208467 is divided by 2312?
2307
Calculate the remainder when 1207838314 is divided by 6011.
6007
Calculate the remainder when 24697949 is divided by 949921.
3
Calculate the remainder when 285548 is divided by 94920.
788
What is the remainder when 80844745 is divided by 22?
3
Calculate the remainder when 39558885 is divided by 24.
21
What is the remainder when 446657 is divided by 3590?
1497
What is the remainder when 268176 is divided by 10725?
51
What is the remainder when 14392285 is divided by 7934?
9
Calculate the remainder when 220846 is divided by 220034.
812
What is the remainder when 71338 is divided by 32650?
6038
Calculate the remainder when 121770961 is divided by 230.
221
What is the remainder when 31759760 is divided by 15879876?
8
What is the remainder when 11238 is divided by 54?
6
Calculate the remainder when 722773 is divided by 2748.
49
Calculate the remainder when 303332886 is divided by 11307.
11304
What is the remainder when 53255 is divided by 2949?
173
What is the remainder when 190605 is divided by 393?
0
What is the remainder when 78375 is divided by 74394?
3981
Calculate the remainder when 79893199 is divided by 6800.
6799
Calculate the remainder when 82927921 is divided by 41463954.
13
What is the remainder when 102572891 is divided by 3901?
3898
What is the remainder when 238837 is divided by 47715?
262
What is the remainder when 1495823 is divided by 53419?
91
Calculate the remainder when 46066598 is divided by 214263.
53
Calculate the remainder when 9252451 is divided by 1811.
52
Calculate the remainder when 12664 is divided by 330.
124
Calculate the remainder when 154252 is divided by 3101.
2303
What is the remainder when 816661 is divided by 2136?
709
What is the remainder when 1262201 is divided by 412?
245
Calculate the remainder when 13225 is divided by 899.
639
Calculate the remainder when 16161736 is divided by 1062.
220
Calculate the remainder when 281966